) = -24*h + 516. Determine i(22).
-12
Let h(p) = -p**3 + 9*p**2 + 15*p + 108. Give h(11).
31
Let u(n) = -n**3 + 42*n**2 - 91*n + 437. Determine u(40).
-3
Let s(g) = g**2 + 73*g + 1275. Calculate s(-28).
15
Let g(m) = -m**2 + 46*m - 346. Give g(37).
-13
Let r(l) = -13*l + 547. Give r(40).
27
Let j(c) = -c**2 - 16*c + 497. What is j(-34)?
-115
Let s(w) = 13*w - 150. Give s(-2).
-176
Let u(j) = j**2 - 717*j - 4. Calculate u(0).
-4
Let w(p) = p**3 + 3*p**2 - 8*p. Calculate w(2).
4
Let i(w) = -31*w - 417. Determine i(-15).
48
Let m(n) = -3*n**3 - 5*n**2 - 5*n - 1. Determine m(-1).
2
Let q(z) = 2*z**3 - 50*z**2 - 50*z - 14. Calculate q(26).
38
Let k(c) = c**3 - 5*c**2 - 99*c + 40. Give k(-8).
0
Let h(u) = -273*u**3 + 3*u**2 + 9*u + 7. Calculate h(-1).
274
Let o(a) = -427*a - 450. Give o(-1).
-23
Let j(f) = -7*f**2 + 260*f - 518. Calculate j(2).
-26
Let n(w) = 26*w + 2218. Calculate n(-96).
-278
Let t(f) = 3*f**2 - 51*f + 82. Calculate t(16).
34
Let c(o) = -3556*o + 14226. Calculate c(4).
2
Let l(a) = a**3 + 6*a**2 - 163*a + 554. Determine l(5).
14
Let s(t) = 3*t**2 - 25*t - 200. Give s(-10).
350
Let j(s) = -3*s + 99. Give j(24).
27
Let y(g) = g**3 + 8*g**2 + 14*g - 7. Determine y(-5).
-2
Let p(r) = -r**3 - 4*r**2 + 4*r - 16. What is p(-6)?
32
Let v(k) = -40*k + 104. Give v(2).
24
Let h(g) = -g**2 - 88*g + 1650. Give h(-104).
-14
Let r(b) = 15681*b + 94090. Give r(-6).
4
Let x(v) = -v**2 - 19*v + 135. Calculate x(-26).
-47
Let u(h) = h**3 - 33*h**2 - 8*h + 107. Give u(33).
-157
Let w(p) = 115*p - 465. Determine w(4).
-5
Let p(s) = s**2 + 72*s + 199. What is p(-18)?
-773
Let n(o) = 14*o + 277. Determine n(-19).
11
Let w(o) = 89*o + 6929. Calculate w(-78).
-13
Let w(u) = -u**2 + 122*u - 3744. Calculate w(66).
-48
Let m(h) = 115*h - 2474. Determine m(20).
-174
Let l(s) = -8*s + 162. Give l(20).
2
Let x(f) = -f**3 + 10*f**2 - 42*f + 80. What is x(6)?
-28
Let n(a) = 15*a - 88. Determine n(-12).
-268
Let w(s) = -39*s**2 - 7*s + 9. Give w(1).
-37
Let h(z) = 877*z - 28947. What is h(33)?
-6
Let s(l) = 51*l + 683. Determine s(-13).
20
Let w(z) = -z**3 - 7*z**2 - 11*z - 19. Determine w(-5).
-14
Let g(p) = -453*p + 2262. Calculate g(5).
-3
Let z(q) = 4*q**2 + 27*q + 74. Determine z(-3).
29
Let w(s) = 2*s**3 - 108*s**2 + 117*s - 569. Give w(53).
14
Let t(n) = -23*n**2 - 320*n - 1. Give t(-14).
-29
Let q(d) = -15*d**3 + 11*d**2 + 22*d - 2. What is q(-2)?
118
Let j(y) = -2*y**3 - 43*y**2 + 27*y + 94. Give j(-22).
-16
Let f(x) = x**3 + 102*x**2 - 1499*x + 23. Calculate f(13).
-29
Let o(i) = -i**3 + 21*i**2 + 256*i + 361. Give o(30).
-59
Let t(p) = p**3 - 189*p**2 + 373*p + 146. Determine t(187).
-41
Let q(h) = -h**3 + 57*h**2 - h + 84. Determine q(57).
27
Let s(l) = -16*l + 41. What is s(8)?
-87
Let q(n) = -n**3 - 13*n**2 - 18*n - 69. Give q(-8).
-245
Let v(n) = -2*n**3 + 11*n**2 + 44*n - 54. Determine v(8).
-22
Let f(k) = k**2 + 127*k + 1040. Give f(-9).
-22
Let b(x) = -11*x - 59. Calculate b(-12).
73
Let l(c) = -2*c**3 - 96*c**2 - 182*c - 28. What is l(-46)?
-120
Let o(r) = 6*r + 262. Calculate o(-13).
184
Let i(y) = 186*y - 357. Give i(2).
15
Let x(v) = -v**2 - 20*v - 19. Calculate x(-23).
-88
Let m(p) = -160*p + 170. What is m(1)?
10
Let d(v) = -67*v**2 + 10*v + 4. What is d(-1)?
-73
Let f(l) = -1465*l - 1483. What is f(-1)?
-18
Let b(w) = -3*w**3 - 18*w**2 + 21*w - 33. Determine b(-7).
-33
Let l(o) = -47*o + 862. Give l(20).
-78
Let d(p) = -55*p + 413. What is d(9)?
-82
Let r(l) = l**3 + 2*l**2 - 42*l + 86. Calculate r(2).
18
Let u(b) = 316*b + 8216. Determine u(-26).
0
Let p(c) = -377*c - 2860. Give p(-8).
156
Let q(r) = 31*r**2 + 450*r - 131. Determine q(-15).
94
Let p(x) = x**3 - x**2 + 7*x + 25. Calculate p(-4).
-83
Let j(w) = w**2 + 111*w + 2568. Calculate j(-79).
40
Let k(c) = 34*c**2 + 71*c. What is k(-2)?
-6
Let f(r) = -6*r**2 + 213*r - 58. Determine f(35).
47
Let m(u) = -6*u**2 - 91*u - 86. Calculate m(-14).
12
Let x(o) = -o**2 + 447*o - 19877. Calculate x(50).
-27
Let o(d) = -18*d + 206. Give o(28).
-298
Let k(s) = 19*s**2 + 156*s + 36. Calculate k(-8).
4
Let k(q) = -2*q**3 + 43*q**2 - 69*q + 146. What is k(20)?
-34
Let a(r) = -2*r**2 + 235*r - 6791. What is a(66)?
7
Let l(n) = 2*n**3 - 48*n**2 + 3*n - 145. Determine l(24).
-73
Let a(s) = 3*s**2 + 10*s + 40. Calculate a(-3).
37
Let z(g) = 106*g - 7991. Give z(79).
383
Let t(u) = -6*u**3 + u**2 + 6*u - 9. Determine t(4).
-353
Let g(c) = -c**3 + 3*c**2 - c + 97. What is g(0)?
97
Let t(o) = 4*o**2 + 10*o - 68. Determine t(6).
136
Let q(c) = c**3 - 8*c + 919. Determine q(-10).
-1
Let d(c) = -44*c**3 - 4*c**2 + 3*c + 3. What is d(-2)?
333
Let l(c) = -11*c - 230. Calculate l(-12).
-98
Let s(a) = 2*a**3 - 14*a**2 + 10*a + 39. What is s(6)?
27
Let x(b) = 3*b**2 + 43*b + 158. Determine x(-7).
4
Let w(o) = 58*o + 846. Give w(-10).
266
Let o(u) = -u**2 - u + 86. What is o(-5)?
66
Let j(c) = 4*c**2 + 197*c + 647. Determine j(-4).
-77
Let j(y) = 295*y + 2976. What is j(-9)?
321
Let q(v) = 2*v**2 + 8*v - 22. Give q(5).
68
Let d(o) = -2*o**2 + 54*o + 245. Calculate d(31).
-3
Let z(a) = 81*a**3 + 325*a**2 + 6*a + 5. Determine z(-4).
-3
Let p(z) = -5*z**3 + 9*z**2 + 8*z - 16. Give p(-3).
176
Let x(o) = o**3 + 25*o**2 - 114*o - 2. Give x(4).
6
Let o(a) = 20755*a - 41504. Calculate o(2).
6
Let d(n) = 3*n**3 - 15*n**2 + 24*n - 14. Determine d(4).
34
Let c(j) = -277*j - 5273. What is c(-19)?
-10
Let x(m) = 4*m - 58. Calculate x(16).
6
Let g(x) = -29*x - 549. What is g(-32)?
379
Let r(l) = -62*l - 246. Determine r(-5).
64
Let q(d) = 3*d**2 + 31*d + 43. What is q(-8)?
-13
Let b(y) = -y**3 + 37*y**2 - 10*y + 378. Calculate b(37).
8
Let k(s) = -503*s**3 - 13*s**2 - 5*s - 2. Determine k(-1).
493
Let j(v) = 2*v**3 + 50*v**2 + 47*v - 30. Determine j(-24).
-6
Let z(h) = -60*h - 1314. Calculate z(-22).
6
Let x(s) = -s**3 - 29*s**2 - 53*s + 72. Give x(-3).
-3
Let i(m) = 5*m**3 + 43*m**2 - 64*m - 417. What is i(-9)?
-3
Let h(w) = -547*w + 17479. Give h(32).
-25
Let f(a) = -780*a + 3128. Determine f(4).
8
Let n(a) = -125*a + 28851. What is n(231)?
-24
Let b(t) = -12*t - 107. Determine b(16).
-299
Let d(g) = 6*g - 69. Calculate d(-8).
-117
Let w(d) = 3*d**2 + 28*d - 7. Determine w(-7).
-56
Let i(o) = 5*o**2 + 161*o + 16. Calculate i(-31).
-170
Let d(m) = 15*m + 207. Give d(-14).
-3
Let v(n) = -4*n**2 + 132*n - 260. Determine v(31).
-12
Let u(x) = -x**2 - 17*x + 442. Determine u(-31).
8
Let z(l) = 36*l - 4000. What is z(111)?
-4
Let p(o) = -12*o**2 + 14*o + 84. Determine p(-5).
-286
Let w(m) = 140*m + 7. What is w(-1)?
-133
Let n(f) = -f**3 + 33*f**2 + 60*f + 172. Determine n(35).
-178
Let u(w) = -184*w - 95. What is u(1)?
-279
Let z(n) = 4*n**2 - 8*n - 278. Give z(-7).
-26
Let j(p) = 19*p**2 + 84*p - 98. Give j(1).
5
Let y(f) = -f**3 - 9*f**2 - 153*f - 411. Calculate y(-3).
-6
Let i(b) = -108*b + 637. Calculate i(6).
-11
Let h(q) = -18*q - 97. Give h(13).
-331
Let h(m) = 185*m - 1562. What is h(7)?
-267
Let t(w) = 3*w**2 - 237*w + 480. Determine t(77).
18
Let i(r) = -2*r**3 - 3*r**2 + 231*r + 472. Give i(-2).
14
Let m(g) = g**2 + 29*g - 62. Give m(-29).
-62
Let t(l) = 3*l**2 - 7*l + 2. What is t(-5)?
112
Let k(u) = -u**2 + 720*u - 3. Calculate k(0).
-3
Let c(s) = -38*s + 341. Determine c(13).
-153
Let k(v) = 853*v - 2568. What is k(3)?
-9
Let y(k) = k**3 + k**2 - 13*k + 44. Determine y(-5).
9
Let x(a) = -6*a - 1. Calculate x(-34).
203
Let y(v) = -26*v - 744. Determine y(-29).
10
Let s(v) = -v**3 - 13*v**2 + 8*v - 96. Calculate s(-14).
-12
Let m(f) = -39*f - 9188. Calculate m(-236).
16
Let z(f) = -4088*f + 8185. Calculate z(2).
9
Let f(q) = 2681*q + 44. Calculate f(0).
44
Let c(n) = 399*n + 3590. Give c(-9).
-1
Let u(s) = -s**3 + 74*s**2 + 570*s + 13. Calculate u(-7).
-8
Let i(o) = 4*o**2 - 96*o + 451. Give i(6).
19
Let i(q) = -q**3 + 23*q**2 - 68*q - 39. What is i(20)?
-199
Let f(m) = -224*m - 1412. Determine f(-7).
156
Let a(d) = 3*d**2 - 6*d - 148. Calculate a(11).
149
Let m(s) = -s**3 - 7*s**2 - 10*s + 6. Give m(-5).
6
Let p(n) = -10*n - 111. What is p(8)?
-191
Let w(y) = y**2 + 85*y - 2894. Give w(-109).
-278
Let l(f) = -93*f**2 + 60*f + 59. Determine l(-1).
-94
Let k(j) = -j**3 + 8*j**2 - 35*j + 566. Give k(10).
16
Let b(t) = -2*t**3 - 15*t**2 - 29*t + 5. Calculate b(-5).
25
Let d(r) = 55*r + 88. Calculate d(-6).
-242
Let b